hat are the prime factors of -2*(-1 + (-33)/w)?
13
Let a(v) = 47*v**3 - 6*v**2 + 83*v - 249. List the prime factors of a(3).
3, 5
Suppose -11*b = -14*b + 9. Suppose -2*z - 2*l = b*l - 76, -5*z + 2*l + 219 = 0. What are the prime factors of z?
43
List the prime factors of (-1314)/2*(-7)/35*5.
3, 73
Let j(t) = 23*t + 2. Let w be j(1). List the prime factors of (220/w)/(-1 - 12/(-10)).
2, 11
Let b(k) be the first derivative of -3*k**4/2 - k**3/3 - k**2 - k + 2. Let o be b(-1). What are the prime factors of (o/(-4))/(12/(-256))?
2
Let s = 4 + 1. Suppose 0 = -2*k - 3*f - 11, s*k - 3*f + 0*f = 25. Suppose 2*g - k = 2. List the prime factors of g.
2
Let x = 3 - -9. Let b be x/(-15)*5/(-2). List the prime factors of 24*(2 - b/4).
2, 3
Let z = -12 - -26. Suppose -11*x + z*x = 240. List the prime factors of (-16)/x - (-256)/5.
3, 17
Let p = 6 - 6. Let l be -9*7/(63/(-120)). Suppose p*a - f = 4*a - 116, -5*a + 5*f = -l. What are the prime factors of a?
2, 7
Let v(s) = 8*s**2 - s**2 + 5*s - 7*s + 3*s. List the prime factors of v(2).
2, 3, 5
Let x be ((-6)/(-5))/((-1)/20). What are the prime factors of 725/8 - x/64?
7, 13
Let t = 565 - 132. List the prime factors of t.
433
Let g = -4347 - -2555. What are the prime factors of g/(-49) - 9/(-21)?
37
Let v = -43 + 45. Suppose 0*g + g = v*i - 27, g = 5*i - 66. What are the prime factors of i?
13
Suppose 4*i - 1604 = 4*g, -2*i + 4*g + 455 + 339 = 0. List the prime factors of i.
3, 5
Suppose 3*p - 14 - 21 = z, 4*z = 3*p - 41. Let y(a) = -10 + a**3 - p*a - a + a + 8*a**2. What are the prime factors of y(-9)?
2
Let t(x) = -x**2 + 7*x + 6. Let g be t(6). Suppose 0 = 2*q - 4 - g. Suppose 0 = 4*w - 176 - q. List the prime factors of w.
2, 23
Suppose -2346 - 5783 = -11*a. What are the prime factors of a?
739
Suppose -11 = -3*z + 19. List the prime factors of 10/(-4)*(-268)/z.
67
Suppose 0 = -4*k - 2*u + 68, -k - 5 + 16 = -u. Let n = -1 - -5. Let p = n + k. What are the prime factors of p?
19
Let k(a) = a**2 + 11*a + 6. Let s be k(-8). Let v = 22 + s. List the prime factors of v.
2
Let z(q) = -3*q + 4*q + 4*q + 4*q - 6. Let s be z(4). Suppose -4*l = l - s. List the prime factors of l.
2, 3
Let y(u) = 2*u**3 - 9*u**2 + 6*u - 7. Let g = 53 + -47. List the prime factors of y(g).
137
Suppose 989*v = 982*v + 12334. List the prime factors of v.
2, 881
Let k(a) = -15*a**3 + 2*a**2 + 5*a + 3. Let x be -3*((-2)/(-6))/(3/6). What are the prime factors of k(x)?
11
Let v = -8 - -197. List the prime factors of v.
3, 7
Suppose 6*y + 96 - 366 = 0. Suppose -7*l + 2*l = -y. Suppose l*g = 5*g + 144. What are the prime factors of g?
2, 3
Suppose -5*u - 3*f + 917 = 0, -3*u + 527 = -22*f + 18*f. List the prime factors of u.
181
Suppose -49*l + 51*l - 612 = 0. What are the prime factors of l?
2, 3, 17
What are the prime factors of 7674/(-24)*2*-2?
1279
Let i(v) = v**2 - 5*v + 4. Suppose -5 = -3*q + 13. Let g be i(q). Let f = g - 0. What are the prime factors of f?
2, 5
Let q(k) = k**2 + 8*k - 8. Let w be q(-9). Let i be -57 + -11 + (w - -3). What are the prime factors of (i/(-6))/((-20)/(-30))?
2
Suppose -9*u + 6*c - 5*c + 1300 = 0, -20 = -4*c. Suppose 3*p - 4*g + 2*g = 201, 0 = -2*p - 3*g + 134. Suppose p + u = 4*d. List the prime factors of d.
53
Let v(n) = 4*n**2 - 17*n - 16. List the prime factors of v(8).
2, 13
Let u(o) = -30*o - 42. Let q be u(5). Let i = q + 269. List the prime factors of i.
7, 11
Let q = 56 + -25. Let d = 129 - q. What are the prime factors of d?
2, 7
Suppose -4792 = -4*u - v, -12*u - 3617 = -15*u + 5*v. List the prime factors of u.
11, 109
Suppose -23*w + 19*w = 5*a - 1169, -868 = -3*w - 2*a. List the prime factors of w.
2, 11, 13
Let y(g) = 69*g + 29. What are the prime factors of y(8)?
7, 83
Suppose 3*r - 9 = 6*r. Let i = r - -6. What are the prime factors of i?
3
Suppose b - 15 + 243 = 2*q, q - b = 114. Let a = 94 - 159. Let o = q + a. What are the prime factors of o?
7
Let f = -62 + 223. Let u = 6 + f. What are the prime factors of u?
167
Let s = 1 + 1. Suppose -s*q = -21 - 11. List the prime factors of q.
2
List the prime factors of ((-492)/60 + 9)/((-1)/(-100)).
2, 5
Let m(n) = -n**3 - 4*n**2 + 12*n - 11. Let b(c) = 2*c**3 + 9*c**2 - 24*c + 21. Let u(t) = 4*b(t) + 7*m(t). List the prime factors of u(-7).
2, 5, 7
Let r(d) = -d**2 + d + 8. Let h be r(0). Suppose s - h*s = -616. List the prime factors of s.
2, 11
Suppose -2*y + 2*n = -0 + 12, 4*y - 5*n + 22 = 0. What are the prime factors of (65/4)/((18/y)/(-9))?
5, 13
Let p be (-1 + (-2)/(-2))*(14 - 13). Suppose p = 106*a - 108*a + 26. List the prime factors of a.
13
Let r = 4862 - 2806. List the prime factors of r.
2, 257
Let t = -278 + 436. Suppose -2*g - o + 113 = -45, 2*g = o + t. What are the prime factors of g?
79
Let k = -593 - -1243. List the prime factors of k.
2, 5, 13
Let p = 15 - 21. Let j be p/8*(-4)/1. List the prime factors of 9*1 + -5 + j.
7
Suppose 0 = -4*i + 4200 + 2224. What are the prime factors of i?
2, 11, 73
Suppose 3*g - 4*a + 3*a = 1066, -g + 3*a + 366 = 0. List the prime factors of g.
2, 3, 59
Let j(h) be the first derivative of 3*h**4/2 + 4*h**3/3 - 2*h**2 - h - 14. List the prime factors of j(2).
5, 11
Let o(f) be the third derivative of -f**6/120 + f**5/4 + f**4/4 - 35*f**3/6 - 11*f**2. List the prime factors of o(14).
5, 7
Suppose 39 = 3*n - 33. Let w = -19 + n. Suppose 0 = w*i + m - 101, 5 = -2*m - 3. What are the prime factors of i?
3, 7
Let m(c) = -2*c**3 - 2*c**2 + 12*c - 5. Let f be m(-6). Suppose 5*b = -108 + f. List the prime factors of b.
5, 7
Let k(r) = r**3 - 4*r**2 - 3*r - 16. Let n be k(5). Let o(q) = -41*q - 29. List the prime factors of o(n).
7, 31
List the prime factors of (8/12*-647)/(62/(-93)).
647
Suppose -4*c + 1174 = 5*u, -u + 153 + 1325 = 5*c. What are the prime factors of c?
2, 37
Let m be (9/(-6))/((-3)/(-260)). Let g = m + 206. What are the prime factors of g?
2, 19
Let t(h) = -h**2 + 18*h - 45*h**3 - 1 + 22*h - 38*h. Let l be t(1). Let i = 37 - l. List the prime factors of i.
2, 41
Let d(z) = -z**3 - 2*z**2 + 2*z. Let r be d(-3). Let a be (r + (7 - -2))/2. List the prime factors of (a/(-2) - -27)*1.
2, 3
Suppose 12 = 2*k - 0. Let s(f) = -f**2 + 6*f + 5. Let z(j) = -3*j**2 + 17*j + 14. Let w(o) = 7*s(o) - 2*z(o). What are the prime factors of w(k)?
19
Suppose -3*m + 320 = 5*m. Suppose t = -3*x + 96, m + 158 = 2*t + 4*x. List the prime factors of t.
3, 5, 7
Let x(k) be the second derivative of k**4/12 - 5*k**3/3 + 2*k**2 - 4*k. Let z be x(10). List the prime factors of 4*z/16*7.
7
Suppose 251 + 415 = i. What are the prime factors of i?
2, 3, 37
Suppose 2*u + u - 9 = 0. Suppose -3*i - 2 - 7 = 0. List the prime factors of -4 + u + i + 19.
3, 5
Let h(t) be the first derivative of 11*t**2 + 4*t + 7. Let s be h(5). Suppose -5*w = -8*w + s. List the prime factors of w.
2, 19
Suppose -11*s - 8*s + 12464 = 0. List the prime factors of s.
2, 41
Let q(j) = -10*j**3 + 2*j**2 + 5*j + 34. What are the prime factors of q(-8)?
2, 2621
Let g be ((-18)/5)/((-2)/5). Let t = g - -10. List the prime factors of t.
19
Let q(u) = -14*u**3 - 8*u**2 - 20*u - 36. List the prime factors of q(-6).
2, 3, 5, 47
Suppose 0 = 2*k - 2*g, -k - 2*k = g. Suppose k*r = -r - 3*x + 56, -5*x - 5 = 0. Let n = r + -32. What are the prime factors of n?
3
Suppose -d + 449 = 3*q - 1216, 4*d - 6604 = 2*q. What are the prime factors of d?
3, 19, 29
Let l(s) = -2*s + 7. Let h(a) = -2*a - 1. Let q be h(-1). Let u(z) = -8*z**2 + 1. Let f be u(q). List the prime factors of l(f).
3, 7
Suppose 0 = -3*p + 5*b - 14, 5*p = 3*p + 2*b - 12. List the prime factors of 1*((-950)/(-8) + (-2)/p).
7, 17
What are the prime factors of 2123 + 4 + (-48)/4 + 2?
29, 73
Suppose -5*x - 11 + 66 = 0. List the prime factors of x*-5*2/(-10).
11
Suppose 5 = -j + 1, 4*j = -2*q + 890. List the prime factors of q.
3, 151
Let v(u) = -2*u**3 - 8*u**2 + u - 14. Suppose 0 = 4*o - o + 18. What are the prime factors of v(o)?
2, 31
Suppose 78*w - 52*w = 17992. What are the prime factors of w?
2, 173
Let c(m) = -46*m + 28. Let u be c(-8). Suppose 2*b - 132 = b - 2*o, 4*o - u = -3*b. List the prime factors of b.
2, 3, 11
Suppose -5*b + 855 = 2*o, -1749 = 7*o - 11*o + 3*b. List the prime factors of o.
3, 5, 29
Suppose 4*o - j = 5 + 3, 2*j - 2 = -o. Let f be (-3)/(-2 + o/2). Suppose 4*z - f*z = 